{"id":9682,"date":"2023-09-30T08:05:36","date_gmt":"2023-09-30T08:05:36","guid":{"rendered":"https:\/\/escoletakoala.es\/maternidad\/kinderschlafhilfe\/"},"modified":"2023-09-30T08:05:36","modified_gmt":"2023-09-30T08:05:36","slug":"kinderschlafhilfe","status":"publish","type":"tribe_events","link":"https:\/\/escoletakoala.es\/de\/maternidad\/kinderschlafhilfe\/","title":{"rendered":"Hilft Kindern beim Schlafen"},"content":{"rendered":"<p><img decoding=\"async\" class=\" wp-image-5282 alignright\" src=\"https:\/\/escoletakoala.es\/wp-content\/uploads\/2020\/12\/olga-sese.jpg\" alt=\"Olga Sese\" width=\"330\" height=\"226\" title=\"escoleta palma montessori\" srcset=\"https:\/\/escoletakoala.es\/wp-content\/uploads\/2020\/12\/olga-sese.jpg 451w, https:\/\/escoletakoala.es\/wp-content\/uploads\/2020\/12\/olga-sese-300x206.jpg 300w\" sizes=\"(max-width: 330px) 100vw, 330px\" \/>Dieser Vortrag soll vor allem informieren. Olga wird erkl\u00e4ren, wie der Schlaf von Neugeborenen aussieht und wie er sich entwickelt. Sie wird \u00fcber die Zeitpl\u00e4ne sprechen, die Ihre Kinder je nach <strong>Alter, Routinen und Nachtf\u00fctterung haben sollten.<\/strong><\/p>\n<p>Es stellt Ihnen Werkzeuge zur Verf\u00fcgung, mit denen Sie Ihren Kindern helfen k\u00f6nnen, selbst\u00e4ndig einzuschlafen und die Nacht durchzuschlafen, ohne nachts aufzuwachen, und zwar immer auf die respektvollste Art und Weise, die m\u00f6glich ist. Da jedes Kind in der Familie anders ist und das, was f\u00fcr das eine funktioniert, f\u00fcr das andere m\u00f6glicherweise nicht funktioniert, werden allgemeine Ratschl\u00e4ge gegeben.<\/p>\n<h2><span style=\"color: #800080;\">Dein Kleines schl\u00e4ft nicht und du kannst nicht mehr?<\/span><\/h2>\n<h3 class=\"uppercase\">Situationen wie diese kommen normalerweise h\u00e4ufig vor:<\/h3>\n<ul>\n<li class=\"thin-font\">Es f\u00e4llt Ihrem Kind schwer, einzuschlafen.<\/li>\n<li>Ohne deine Hilfe schl\u00e4ft er nicht ein.<\/li>\n<li>Er wacht nachts mehrmals auf.<\/li>\n<li>Gegen Ende des Tages ist er ersch\u00f6pft und schlecht gelaunt.<\/li>\n<li>Er wacht sehr fr\u00fch am Morgen auf.<\/li>\n<\/ul>\n<h3 class=\"uppercase\">Und Ihre nat\u00fcrliche Reaktion auf diese Probleme ist:<\/h3>\n<ul>\n<li>Du f\u00fctterst ihn, bis er einschl\u00e4ft.<\/li>\n<li>Du schl\u00e4fst es in deinen Armen.<\/li>\n<li>Du l\u00e4sst ihn \u00fcberall au\u00dfer in seinem Kinderbett einschlafen.<\/li>\n<li>Du legst es in dein Bett.<\/li>\n<\/ul>\n<h2 class=\"alt-font\"><span style=\"color: #800080;\">Ich kann Ihrem Kind helfen&#8230;<\/span><\/h2>\n<ul>\n<li>Durchschlafen, ohne aufzuwachen.<\/li>\n<li>Schlafen Sie ohne Ihre Hilfe ein.<\/li>\n<li>Schlafen Sie in Ihrem Kinderbett oder Bett.<\/li>\n<li>Machen Sie gute Nickerchen.<\/li>\n<\/ul>\n<h2><span style=\"color: #000000;\">Referentin: Olga Ses\u00e9, erste Kinderschlaftrainerin in Spanien<\/span><\/h2>\n<p>Wir freuen uns, <a href=\"https:\/\/www.instagram.com\/babyrem_coach\/?hl=es\" target=\"_blank\" rel=\"noopener\">Olga Ses\u00e9<\/a> aus Barcelona mitzubringen, zertifiziert vom \u201e <a href=\"https:\/\/parentinghealthinstitute.com\/\" target=\"_blank\" rel=\"noopener\">The International Parenting and Health Institute (IPHI)<\/a> \u201c, Gr\u00fcnderin von <a href=\"https:\/\/www.babyremcoach.com\/\" target=\"_blank\" rel=\"noopener\">BabyREM<\/a> und nachdem sie mehr als 500 Familien geholfen hat, nicht monatelang oder jahrelang unter Schlafmangel zu leiden, wenn es sanfte L\u00f6sungen gibt diese Arbeit!<\/p>\n","protected":false},"excerpt":{"rendered":"<p>Dieser Vortrag soll vor allem informieren. Olga wird erkl\u00e4ren, wie der Schlaf von Neugeborenen aussieht und wie er sich entwickelt. Sie wird \u00fcber die Zeitpl\u00e4ne sprechen, die Ihre Kinder je [&hellip;]<\/p>\n","protected":false},"author":1,"featured_media":8079,"template":"","meta":{"_price":"","_stock":"","_tribe_ticket_header":"","_tribe_default_ticket_provider":"","_tribe_ticket_capacity":"0","_ticket_start_date":"","_ticket_end_date":"","_tribe_ticket_show_description":"","_tribe_ticket_show_not_going":false,"_tribe_ticket_use_global_stock":"","_tribe_ticket_global_stock_level":"","_global_stock_mode":"","_global_stock_cap":"","_tribe_rsvp_for_event":"","_tribe_ticket_going_count":"","_tribe_ticket_not_going_count":"","_tribe_tickets_list":"[]","_tribe_ticket_has_attendee_info_fields":false,"_tribe_events_status":"","_tribe_events_status_reason":"","footnotes":"","_tec_slr_enabled":"","_tec_slr_layout":""},"tags":[],"tribe_events_cat":[875,857,854],"class_list":["post-9682","tribe_events","type-tribe_events","status-publish","has-post-thumbnail","hentry","tribe_events_cat-_kindertraum","tribe_events_cat-entwicklung-0-3-jahre","tribe_events_cat-postpartum-und-elternschaft","cat__kindertraum","cat_entwicklung-0-3-jahre","cat_postpartum-und-elternschaft"],"ticketed":false,"_links":{"self":[{"href":"https:\/\/escoletakoala.es\/de\/wp-json\/wp\/v2\/tribe_events\/9682","targetHints":{"allow":["GET"]}}],"collection":[{"href":"https:\/\/escoletakoala.es\/de\/wp-json\/wp\/v2\/tribe_events"}],"about":[{"href":"https:\/\/escoletakoala.es\/de\/wp-json\/wp\/v2\/types\/tribe_events"}],"author":[{"embeddable":true,"href":"https:\/\/escoletakoala.es\/de\/wp-json\/wp\/v2\/users\/1"}],"version-history":[{"count":0,"href":"https:\/\/escoletakoala.es\/de\/wp-json\/wp\/v2\/tribe_events\/9682\/revisions"}],"wp:featuredmedia":[{"embeddable":true,"href":"https:\/\/escoletakoala.es\/de\/wp-json\/wp\/v2\/media\/8079"}],"wp:attachment":[{"href":"https:\/\/escoletakoala.es\/de\/wp-json\/wp\/v2\/media?parent=9682"}],"wp:term":[{"taxonomy":"post_tag","embeddable":true,"href":"https:\/\/escoletakoala.es\/de\/wp-json\/wp\/v2\/tags?post=9682"},{"taxonomy":"tribe_events_cat","embeddable":true,"href":"https:\/\/escoletakoala.es\/de\/wp-json\/wp\/v2\/tribe_events_cat?post=9682"}],"curies":[{"name":"wp","href":"https:\/\/api.w.org\/{rel}","templated":true}]}}

<p><img decoding="async" class=" wp-image-5282 alignright" src="https://escoletakoala.es/wp-content/uploads/2020/12/olga-sese.jpg" alt="Olga Sese" width="330" height="226" title="escoleta palma montessori" srcset="https://escoletakoala.es/wp-content/uploads/2020/12/olga-sese.jpg 451w, https://escoletakoala.es/wp-content/uploads/2020/12/olga-sese-300x206.jpg 300w" sizes="(max-width: 330px) 100vw, 330px" />Dieser Vortrag soll vor allem informieren. Olga wird erklären, wie der Schlaf von Neugeborenen aussieht und wie er sich entwickelt. Sie wird über die Zeitpläne sprechen, die Ihre Kinder je nach <strong>Alter, Routinen und Nachtfütterung haben sollten.</strong></p>
<p>Es stellt Ihnen Werkzeuge zur Verfügung, mit denen Sie Ihren Kindern helfen können, selbständig einzuschlafen und die Nacht durchzuschlafen, ohne nachts aufzuwachen, und zwar immer auf die respektvollste Art und Weise, die möglich ist. Da jedes Kind in der Familie anders ist und das, was für das eine funktioniert, für das andere möglicherweise nicht funktioniert, werden allgemeine Ratschläge gegeben.</p>
<h2><span style="color: #800080;">Dein Kleines schläft nicht und du kannst nicht mehr?</span></h2>
<h3 class="uppercase">Situationen wie diese kommen normalerweise häufig vor:</h3>
<ul>
<li class="thin-font">Es fällt Ihrem Kind schwer, einzuschlafen.</li>
<li>Ohne deine Hilfe schläft er nicht ein.</li>
<li>Er wacht nachts mehrmals auf.</li>
<li>Gegen Ende des Tages ist er erschöpft und schlecht gelaunt.</li>
<li>Er wacht sehr früh am Morgen auf.</li>
</ul>
<h3 class="uppercase">Und Ihre natürliche Reaktion auf diese Probleme ist:</h3>
<ul>
<li>Du fütterst ihn, bis er einschläft.</li>
<li>Du schläfst es in deinen Armen.</li>
<li>Du lässt ihn überall außer in seinem Kinderbett einschlafen.</li>
<li>Du legst es in dein Bett.</li>
</ul>
<h2 class="alt-font"><span style="color: #800080;">Ich kann Ihrem Kind helfen&#8230;</span></h2>
<ul>
<li>Durchschlafen, ohne aufzuwachen.</li>
<li>Schlafen Sie ohne Ihre Hilfe ein.</li>
<li>Schlafen Sie in Ihrem Kinderbett oder Bett.</li>
<li>Machen Sie gute Nickerchen.</li>
</ul>
<h2><span style="color: #000000;">Referentin: Olga Sesé, erste Kinderschlaftrainerin in Spanien</span></h2>
<p>Wir freuen uns, <a href="https://www.instagram.com/babyrem_coach/?hl=es" target="_blank" rel="noopener">Olga Sesé</a> aus Barcelona mitzubringen, zertifiziert vom „ <a href="https://parentinghealthinstitute.com/" target="_blank" rel="noopener">The International Parenting and Health Institute (IPHI)</a> “, Gründerin von <a href="https://www.babyremcoach.com/" target="_blank" rel="noopener">BabyREM</a> und nachdem sie mehr als 500 Familien geholfen hat, nicht monatelang oder jahrelang unter Schlafmangel zu leiden, wenn es sanfte Lösungen gibt diese Arbeit!</p>

<p>Dieser Vortrag soll vor allem informieren. Olga wird erklären, wie der Schlaf von Neugeborenen aussieht und wie er sich entwickelt. Sie wird über die Zeitpläne sprechen, die Ihre Kinder je [&hellip;]</p>
