{"id":9725,"date":"2023-09-30T08:06:09","date_gmt":"2023-09-30T08:06:09","guid":{"rendered":"https:\/\/escoletakoala.es\/maternidad\/primers-auxilis-pediatrics-6-juliol\/"},"modified":"2023-09-30T08:06:09","modified_gmt":"2023-09-30T08:06:09","slug":"primers-auxilis-pediatrics-6-juliol","status":"publish","type":"tribe_events","link":"https:\/\/escoletakoala.es\/ca\/maternidad\/primers-auxilis-pediatrics-6-juliol\/","title":{"rendered":"Primers auxilis pedi\u00e0trics (6 Juliol)"},"content":{"rendered":"<p>Impartit per Cristina S\u00e1nchez, llevadora i directora del Centre 1 M\u00e9s. Dirigit a fam\u00edlies amb nadons, ideal per a aquells que estiguin en edat infantil (0-6 anys).<\/p>\n<p>Al nostre taller de primers auxilis aprendr\u00e0s:<\/p>\n<p>-Els principals tipus d&#8217;accidents amb nadons i com prevenir-los<\/p>\n<p>-Qu\u00e8 \u00e9s la s\u00edndrome de mort sobtada del lactant i com es preveu<\/p>\n<p>-Com actuar davant de situacions quotidianes: febre, caigudes, cops al cap, ferides\u2026<\/p>\n<p>-Alimentaci\u00f3 i ennuegaments<\/p>\n<p>-Reanimaci\u00f3 cardiopulmonar en nadons\/nens<\/p>\n<div id=\"USE_CHAT_GPT_AI_ROOT\" style=\"display: none; z-index: -1; position: absolute; top: -10000px; left: -10000px; width: 1px; height: 1px; overflow: hidden; opacity: 0; pointer-events: none;\">usechatgpt init success<\/div>\n<div id=\"USE_CHAT_GPT_AI_ROOT\" style=\"display: none; z-index: -1; position: absolute; top: -10000px; left: -10000px; width: 1px; height: 1px; overflow: hidden; opacity: 0; pointer-events: none;\">usechatgpt init success<\/div>\n<div id=\"USE_CHAT_GPT_AI_ROOT\" style=\"display: none; z-index: -1; position: absolute; top: -10000px; left: -10000px; width: 1px; height: 1px; overflow: hidden; opacity: 0; pointer-events: none;\">usechatgpt init success<\/div>\n<div id=\"USE_CHAT_GPT_AI_ROOT\" style=\"display: none; z-index: -1; position: absolute; top: -10000px; left: -10000px; width: 1px; height: 1px; overflow: hidden; opacity: 0; pointer-events: none;\">usechatgpt init success<\/div>\n<div id=\"USE_CHAT_GPT_AI_ROOT\" style=\"display: none; z-index: -1; position: absolute; top: -10000px; left: -10000px; width: 1px; height: 1px; overflow: hidden; opacity: 0; pointer-events: none;\">usechatgpt init success<\/div>\n<div id=\"USE_CHAT_GPT_AI_ROOT\" style=\"display: none; z-index: -1; position: absolute; top: -10000px; left: -10000px; width: 1px; height: 1px; overflow: hidden; opacity: 0; pointer-events: none;\">usechatgpt init success<\/div>\n<div id=\"USE_CHAT_GPT_AI_ROOT\" style=\"display: none; z-index: -1; position: absolute; top: -10000px; left: -10000px; width: 1px; height: 1px; overflow: hidden; opacity: 0; pointer-events: none;\">usechatgpt init success<\/div>\n","protected":false},"excerpt":{"rendered":"<p>Impartit per Cristina S\u00e1nchez, llevadora i directora del Centre 1 M\u00e9s. Dirigit a fam\u00edlies amb nadons, ideal per a aquells que estiguin en edat infantil (0-6 anys). Al nostre taller [&hellip;]<\/p>\n","protected":false},"author":1,"featured_media":8301,"template":"","meta":{"_price":"","_stock":"","_tribe_ticket_header":"","_tribe_default_ticket_provider":"","_tribe_ticket_capacity":"0","_ticket_start_date":"","_ticket_end_date":"","_tribe_ticket_show_description":"","_tribe_ticket_show_not_going":false,"_tribe_ticket_use_global_stock":"","_tribe_ticket_global_stock_level":"","_global_stock_mode":"","_global_stock_cap":"","_tribe_rsvp_for_event":"","_tribe_ticket_going_count":"","_tribe_ticket_not_going_count":"","_tribe_tickets_list":"[]","_tribe_ticket_has_attendee_info_fields":false,"_tribe_events_status":"","_tribe_events_status_reason":"","footnotes":"","_tec_slr_enabled":"","_tec_slr_layout":""},"tags":[893],"tribe_events_cat":[843,844,894],"class_list":["post-9725","tribe_events","type-tribe_events","status-publish","has-post-thumbnail","hentry","tag-esdeveniments","tribe_events_cat-desenvolupament-0-3-anys","tribe_events_cat-post-part-i-crianca","tribe_events_cat-primers-auxilis","cat_desenvolupament-0-3-anys","cat_post-part-i-crianca","cat_primers-auxilis"],"ticketed":false,"_links":{"self":[{"href":"https:\/\/escoletakoala.es\/ca\/wp-json\/wp\/v2\/tribe_events\/9725","targetHints":{"allow":["GET"]}}],"collection":[{"href":"https:\/\/escoletakoala.es\/ca\/wp-json\/wp\/v2\/tribe_events"}],"about":[{"href":"https:\/\/escoletakoala.es\/ca\/wp-json\/wp\/v2\/types\/tribe_events"}],"author":[{"embeddable":true,"href":"https:\/\/escoletakoala.es\/ca\/wp-json\/wp\/v2\/users\/1"}],"version-history":[{"count":0,"href":"https:\/\/escoletakoala.es\/ca\/wp-json\/wp\/v2\/tribe_events\/9725\/revisions"}],"wp:featuredmedia":[{"embeddable":true,"href":"https:\/\/escoletakoala.es\/ca\/wp-json\/wp\/v2\/media\/8301"}],"wp:attachment":[{"href":"https:\/\/escoletakoala.es\/ca\/wp-json\/wp\/v2\/media?parent=9725"}],"wp:term":[{"taxonomy":"post_tag","embeddable":true,"href":"https:\/\/escoletakoala.es\/ca\/wp-json\/wp\/v2\/tags?post=9725"},{"taxonomy":"tribe_events_cat","embeddable":true,"href":"https:\/\/escoletakoala.es\/ca\/wp-json\/wp\/v2\/tribe_events_cat?post=9725"}],"curies":[{"name":"wp","href":"https:\/\/api.w.org\/{rel}","templated":true}]}}

Primers auxilis pediàtrics (6 Juliol)

<p>Impartit per Cristina Sánchez, llevadora i directora del Centre 1 Més. Dirigit a famílies amb nadons, ideal per a aquells que estiguin en edat infantil (0-6 anys).</p>
<p>Al nostre taller de primers auxilis aprendràs:</p>
<p>-Els principals tipus d&#8217;accidents amb nadons i com prevenir-los</p>
<p>-Què és la síndrome de mort sobtada del lactant i com es preveu</p>
<p>-Com actuar davant de situacions quotidianes: febre, caigudes, cops al cap, ferides…</p>
<p>-Alimentació i ennuegaments</p>
<p>-Reanimació cardiopulmonar en nadons/nens</p>
<div id="USE_CHAT_GPT_AI_ROOT" style="display: none; z-index: -1; position: absolute; top: -10000px; left: -10000px; width: 1px; height: 1px; overflow: hidden; opacity: 0; pointer-events: none;">usechatgpt init success</div>
<div id="USE_CHAT_GPT_AI_ROOT" style="display: none; z-index: -1; position: absolute; top: -10000px; left: -10000px; width: 1px; height: 1px; overflow: hidden; opacity: 0; pointer-events: none;">usechatgpt init success</div>
<div id="USE_CHAT_GPT_AI_ROOT" style="display: none; z-index: -1; position: absolute; top: -10000px; left: -10000px; width: 1px; height: 1px; overflow: hidden; opacity: 0; pointer-events: none;">usechatgpt init success</div>
<div id="USE_CHAT_GPT_AI_ROOT" style="display: none; z-index: -1; position: absolute; top: -10000px; left: -10000px; width: 1px; height: 1px; overflow: hidden; opacity: 0; pointer-events: none;">usechatgpt init success</div>
<div id="USE_CHAT_GPT_AI_ROOT" style="display: none; z-index: -1; position: absolute; top: -10000px; left: -10000px; width: 1px; height: 1px; overflow: hidden; opacity: 0; pointer-events: none;">usechatgpt init success</div>
<div id="USE_CHAT_GPT_AI_ROOT" style="display: none; z-index: -1; position: absolute; top: -10000px; left: -10000px; width: 1px; height: 1px; overflow: hidden; opacity: 0; pointer-events: none;">usechatgpt init success</div>
<div id="USE_CHAT_GPT_AI_ROOT" style="display: none; z-index: -1; position: absolute; top: -10000px; left: -10000px; width: 1px; height: 1px; overflow: hidden; opacity: 0; pointer-events: none;">usechatgpt init success</div>

<p>Impartit per Cristina Sánchez, llevadora i directora del Centre 1 Més. Dirigit a famílies amb nadons, ideal per a aquells que estiguin en edat infantil (0-6 anys). Al nostre taller [&hellip;]</p>
