{"id":9710,"date":"2023-09-30T08:05:57","date_gmt":"2023-09-30T08:05:57","guid":{"rendered":"https:\/\/escoletakoala.es\/maternidad\/master-en-pediatria-mares-primerizas-jorge-munoz-pediatra\/"},"modified":"2023-09-30T08:05:57","modified_gmt":"2023-09-30T08:05:57","slug":"master-en-pediatria-mares-primerizas-jorge-munoz-pediatra","status":"publish","type":"tribe_events","link":"https:\/\/escoletakoala.es\/ca\/maternidad\/master-en-pediatria-mares-primerizas-jorge-munoz-pediatra\/","title":{"rendered":"Jorge Mu\u00f1oz el Pediatre: M\u00e0ster en pediatria per a fam\u00edlies sobre la cura de la inf\u00e0ncia"},"content":{"rendered":"<p>Tenim el plaer de comptar amb un dels millors pediatres de l&#8217;illa, Jorge Mu\u00f1oz, amb m\u00e9s de 25 anys d&#8217;experi\u00e8ncia cuidant petits i ajudant fam\u00edlies a diferents llocs del m\u00f3n, aix\u00ed com fundador del \u201cEspai Jorge el pediatre\u201d on, independentment de assegurances m\u00e8diques, s&#8217;aconsegueix una relaci\u00f3 m\u00e8dico-pacient cl\u00e0ssica, propera, amb grans especialistes.<\/p>\n<p>En aquesta xerrada, Jorge preparar\u00e0 durant un mat\u00ed intensiu els pares i mares que s&#8217;enfronten a la crian\u00e7a per primera vegada, amb les pors i preguntes m\u00e9s freq\u00fcents a la seva consulta, aix\u00ed com els consells imprescindibles que qualsevol nova fam\u00edlia hauria de saber, des de recent nascut fins als 5 anys.<\/p>\n<ul>\n<li>Preparar-se per arribar<\/li>\n<li>Lact\u00e0ncia materna i biber\u00f3<\/li>\n<li>Somni<\/li>\n<li>Vacunaci\u00f3<\/li>\n<li>Plors i m\u00e8todes de consolaci\u00f3<\/li>\n<li>Desenvolupament psicomotor i f\u00edsic<\/li>\n<li>Desenvolupament psicosocial<\/li>\n<li>Malalties habituals, mocs, febre i maneres d&#8217;actuar<\/li>\n<li>La dentici\u00f3<\/li>\n<\/ul>\n<p>Si espereu un nad\u00f3 o teniu un petit menor de 6 anys, no us ho perdeu!<\/p>\n<p>Col\u00b7laboraci\u00f3 amb Espai Jorge el Pediatre, Centre 1 M\u00e9s i Escoleta Koala<\/p>\n","protected":false},"excerpt":{"rendered":"<p>Tenim el plaer de comptar amb un dels millors pediatres de l&#8217;illa, Jorge Mu\u00f1oz, amb m\u00e9s de 25 anys d&#8217;experi\u00e8ncia cuidant petits i ajudant fam\u00edlies a diferents llocs del m\u00f3n, [&hellip;]<\/p>\n","protected":false},"author":1,"featured_media":8311,"template":"","meta":{"_price":"","_stock":"","_tribe_ticket_header":"","_tribe_default_ticket_provider":"","_tribe_ticket_capacity":"0","_ticket_start_date":"","_ticket_end_date":"","_tribe_ticket_show_description":"","_tribe_ticket_show_not_going":false,"_tribe_ticket_use_global_stock":"","_tribe_ticket_global_stock_level":"","_global_stock_mode":"","_global_stock_cap":"","_tribe_rsvp_for_event":"","_tribe_ticket_going_count":"","_tribe_ticket_not_going_count":"","_tribe_tickets_list":"[]","_tribe_ticket_has_attendee_info_fields":false,"_tribe_events_status":"","_tribe_events_status_reason":"","footnotes":"","_tec_slr_enabled":"","_tec_slr_layout":""},"tags":[],"tribe_events_cat":[887,843,869,844],"class_list":["post-9710","tribe_events","type-tribe_events","status-publish","has-post-thumbnail","hentry","tribe_events_cat-_material-nadons","tribe_events_cat-desenvolupament-0-3-anys","tribe_events_cat-embarassades-ca","tribe_events_cat-post-part-i-crianca","cat__material-nadons","cat_desenvolupament-0-3-anys","cat_embarassades-ca","cat_post-part-i-crianca"],"ticketed":false,"_links":{"self":[{"href":"https:\/\/escoletakoala.es\/ca\/wp-json\/wp\/v2\/tribe_events\/9710","targetHints":{"allow":["GET"]}}],"collection":[{"href":"https:\/\/escoletakoala.es\/ca\/wp-json\/wp\/v2\/tribe_events"}],"about":[{"href":"https:\/\/escoletakoala.es\/ca\/wp-json\/wp\/v2\/types\/tribe_events"}],"author":[{"embeddable":true,"href":"https:\/\/escoletakoala.es\/ca\/wp-json\/wp\/v2\/users\/1"}],"version-history":[{"count":0,"href":"https:\/\/escoletakoala.es\/ca\/wp-json\/wp\/v2\/tribe_events\/9710\/revisions"}],"wp:featuredmedia":[{"embeddable":true,"href":"https:\/\/escoletakoala.es\/ca\/wp-json\/wp\/v2\/media\/8311"}],"wp:attachment":[{"href":"https:\/\/escoletakoala.es\/ca\/wp-json\/wp\/v2\/media?parent=9710"}],"wp:term":[{"taxonomy":"post_tag","embeddable":true,"href":"https:\/\/escoletakoala.es\/ca\/wp-json\/wp\/v2\/tags?post=9710"},{"taxonomy":"tribe_events_cat","embeddable":true,"href":"https:\/\/escoletakoala.es\/ca\/wp-json\/wp\/v2\/tribe_events_cat?post=9710"}],"curies":[{"name":"wp","href":"https:\/\/api.w.org\/{rel}","templated":true}]}}

Jorge Muñoz el Pediatre: Màster en pediatria per a famílies sobre la cura de la infància

<p>Tenim el plaer de comptar amb un dels millors pediatres de l&#8217;illa, Jorge Muñoz, amb més de 25 anys d&#8217;experiència cuidant petits i ajudant famílies a diferents llocs del món, així com fundador del “Espai Jorge el pediatre” on, independentment de assegurances mèdiques, s&#8217;aconsegueix una relació mèdico-pacient clàssica, propera, amb grans especialistes.</p>
<p>En aquesta xerrada, Jorge prepararà durant un matí intensiu els pares i mares que s&#8217;enfronten a la criança per primera vegada, amb les pors i preguntes més freqüents a la seva consulta, així com els consells imprescindibles que qualsevol nova família hauria de saber, des de recent nascut fins als 5 anys.</p>
<ul>
<li>Preparar-se per arribar</li>
<li>Lactància materna i biberó</li>
<li>Somni</li>
<li>Vacunació</li>
<li>Plors i mètodes de consolació</li>
<li>Desenvolupament psicomotor i físic</li>
<li>Desenvolupament psicosocial</li>
<li>Malalties habituals, mocs, febre i maneres d&#8217;actuar</li>
<li>La dentició</li>
</ul>
<p>Si espereu un nadó o teniu un petit menor de 6 anys, no us ho perdeu!</p>
<p>Col·laboració amb Espai Jorge el Pediatre, Centre 1 Més i Escoleta Koala</p>

<p>Tenim el plaer de comptar amb un dels millors pediatres de l&#8217;illa, Jorge Muñoz, amb més de 25 anys d&#8217;experiència cuidant petits i ajudant famílies a diferents llocs del món, [&hellip;]</p>
