{"id":9706,"date":"2023-09-30T08:05:55","date_gmt":"2023-09-30T08:05:55","guid":{"rendered":"https:\/\/escoletakoala.es\/maternidad\/autoritat-limits-carlos-gonzalez\/"},"modified":"2023-09-30T08:05:55","modified_gmt":"2023-09-30T08:05:55","slug":"autoritat-limits-carlos-gonzalez","status":"publish","type":"tribe_events","link":"https:\/\/escoletakoala.es\/ca\/maternidad\/autoritat-limits-carlos-gonzalez\/","title":{"rendered":"Carlos Gonz\u00e1lez: Autoritat i l\u00edmits de 0 a 6 anys"},"content":{"rendered":"<p class=\"p1\">Carlos Gonz\u00e1lez, un dels pediatres i escriptors m\u00e9s coneguts del nostre pa\u00eds, far\u00e0 una xerrada a les fam\u00edlies sobre l&#8217;autoritat i els l\u00edmits que hem d&#8217;imposar o no als nostres petits.<\/p>\n<h4><span id=\"Obras\" class=\"mw-headline\">Llibres publicats:<\/span><\/h4>\n<ol>\n<li>El meu nen no em menja (1999)<\/li>\n<li>Bes-me molt, com criar els teus fills amb amor (2003)<\/li>\n<li>Manual pr\u00e0ctic de lact\u00e0ncia materna (2004)<\/li>\n<li>Un regal per a tota la vida, guia de la lact\u00e0ncia materna (2006)<\/li>\n<li>Menjar, estimar, mamar (2009)<\/li>\n<li>Entre el teu pediatre i tu (2010)<\/li>\n<li>En defensa de les vacunes (2011)<\/li>\n<li>Creixent junts (2013)<\/li>\n<\/ol>\n","protected":false},"excerpt":{"rendered":"<p>Carlos Gonz\u00e1lez, un dels pediatres i escriptors m\u00e9s coneguts del nostre pa\u00eds, far\u00e0 una xerrada a les fam\u00edlies sobre l&#8217;autoritat i els l\u00edmits que hem d&#8217;imposar o no als nostres [&hellip;]<\/p>\n","protected":false},"author":1,"featured_media":8188,"template":"","meta":{"_price":"","_stock":"","_tribe_ticket_header":"","_tribe_default_ticket_provider":"","_tribe_ticket_capacity":"0","_ticket_start_date":"","_ticket_end_date":"","_tribe_ticket_show_description":"","_tribe_ticket_show_not_going":false,"_tribe_ticket_use_global_stock":"","_tribe_ticket_global_stock_level":"","_global_stock_mode":"","_global_stock_cap":"","_tribe_rsvp_for_event":"","_tribe_ticket_going_count":"","_tribe_ticket_not_going_count":"","_tribe_tickets_list":"[]","_tribe_ticket_has_attendee_info_fields":false,"_tribe_events_status":"","_tribe_events_status_reason":"","footnotes":"","_tec_slr_enabled":"","_tec_slr_layout":""},"tags":[],"tribe_events_cat":[843,869,844],"class_list":["post-9706","tribe_events","type-tribe_events","status-publish","has-post-thumbnail","hentry","tribe_events_cat-desenvolupament-0-3-anys","tribe_events_cat-embarassades-ca","tribe_events_cat-post-part-i-crianca","cat_desenvolupament-0-3-anys","cat_embarassades-ca","cat_post-part-i-crianca"],"ticketed":false,"_links":{"self":[{"href":"https:\/\/escoletakoala.es\/ca\/wp-json\/wp\/v2\/tribe_events\/9706","targetHints":{"allow":["GET"]}}],"collection":[{"href":"https:\/\/escoletakoala.es\/ca\/wp-json\/wp\/v2\/tribe_events"}],"about":[{"href":"https:\/\/escoletakoala.es\/ca\/wp-json\/wp\/v2\/types\/tribe_events"}],"author":[{"embeddable":true,"href":"https:\/\/escoletakoala.es\/ca\/wp-json\/wp\/v2\/users\/1"}],"version-history":[{"count":0,"href":"https:\/\/escoletakoala.es\/ca\/wp-json\/wp\/v2\/tribe_events\/9706\/revisions"}],"wp:featuredmedia":[{"embeddable":true,"href":"https:\/\/escoletakoala.es\/ca\/wp-json\/wp\/v2\/media\/8188"}],"wp:attachment":[{"href":"https:\/\/escoletakoala.es\/ca\/wp-json\/wp\/v2\/media?parent=9706"}],"wp:term":[{"taxonomy":"post_tag","embeddable":true,"href":"https:\/\/escoletakoala.es\/ca\/wp-json\/wp\/v2\/tags?post=9706"},{"taxonomy":"tribe_events_cat","embeddable":true,"href":"https:\/\/escoletakoala.es\/ca\/wp-json\/wp\/v2\/tribe_events_cat?post=9706"}],"curies":[{"name":"wp","href":"https:\/\/api.w.org\/{rel}","templated":true}]}}

Carlos González: Autoritat i límits de 0 a 6 anys

<p class="p1">Carlos González, un dels pediatres i escriptors més coneguts del nostre país, farà una xerrada a les famílies sobre l&#8217;autoritat i els límits que hem d&#8217;imposar o no als nostres petits.</p>
<h4><span id="Obras" class="mw-headline">Llibres publicats:</span></h4>
<ol>
<li>El meu nen no em menja (1999)</li>
<li>Bes-me molt, com criar els teus fills amb amor (2003)</li>
<li>Manual pràctic de lactància materna (2004)</li>
<li>Un regal per a tota la vida, guia de la lactància materna (2006)</li>
<li>Menjar, estimar, mamar (2009)</li>
<li>Entre el teu pediatre i tu (2010)</li>
<li>En defensa de les vacunes (2011)</li>
<li>Creixent junts (2013)</li>
</ol>

<p>Carlos González, un dels pediatres i escriptors més coneguts del nostre país, farà una xerrada a les famílies sobre l&#8217;autoritat i els límits que hem d&#8217;imposar o no als nostres [&hellip;]</p>
