{"id":9705,"date":"2023-09-30T08:05:52","date_gmt":"2023-09-30T08:05:52","guid":{"rendered":"https:\/\/escoletakoala.es\/maternidad\/amalia-arce-pantalles-xarxes-socials\/"},"modified":"2023-09-30T08:05:52","modified_gmt":"2023-09-30T08:05:52","slug":"amalia-arce-pantalles-xarxes-socials","status":"publish","type":"tribe_events","link":"https:\/\/escoletakoala.es\/ca\/maternidad\/amalia-arce-pantalles-xarxes-socials\/","title":{"rendered":"Amalia Arce: Pantalles i Xarxes Socials"},"content":{"rendered":"<p class=\"p1\">Amalia Arce, una de les pediatres i escriptores m\u00e9s conegudes del nostre pa\u00eds, far\u00e0 una xerrada a les fam\u00edlies sobre l&#8217;\u00fas de les pantalles a casa amb els m\u00e9s petits i la seva opini\u00f3 sobre les xarxes socials<\/p>\n<p>Autora del llibre <strong>&#8220;Diari d&#8217;una mare pediatra&#8221;<\/strong> &#8211; <a href=\"https:\/\/www.amazon.es\/Diario-una-mam%C3%A1-pediatra-profesionales-ebook\/dp\/B00JXTEYFQ\/ref=sr_1_1?dchild=1&amp;qid=1613657811&amp;refinements=p_27%3ADra.+Amalia+Arce&amp;s=digital-text&amp;sr=1-1&amp;text=Dra.+Amalia+Arce\" target=\"_blank\" rel=\"noopener\">Veure a Amazon.es<\/a><\/p>\n","protected":false},"excerpt":{"rendered":"<p>Amalia Arce, una de les pediatres i escriptores m\u00e9s conegudes del nostre pa\u00eds, far\u00e0 una xerrada a les fam\u00edlies sobre l&#8217;\u00fas de les pantalles a casa amb els m\u00e9s petits [&hellip;]<\/p>\n","protected":false},"author":1,"featured_media":8200,"template":"","meta":{"_price":"","_stock":"","_tribe_ticket_header":"","_tribe_default_ticket_provider":"","_tribe_ticket_capacity":"0","_ticket_start_date":"","_ticket_end_date":"","_tribe_ticket_show_description":"","_tribe_ticket_show_not_going":false,"_tribe_ticket_use_global_stock":"","_tribe_ticket_global_stock_level":"","_global_stock_mode":"","_global_stock_cap":"","_tribe_rsvp_for_event":"","_tribe_ticket_going_count":"","_tribe_ticket_not_going_count":"","_tribe_tickets_list":"[]","_tribe_ticket_has_attendee_info_fields":false,"_tribe_events_status":"","_tribe_events_status_reason":"","footnotes":"","_tec_slr_enabled":"","_tec_slr_layout":""},"tags":[],"tribe_events_cat":[843,869,844],"class_list":["post-9705","tribe_events","type-tribe_events","status-publish","has-post-thumbnail","hentry","tribe_events_cat-desenvolupament-0-3-anys","tribe_events_cat-embarassades-ca","tribe_events_cat-post-part-i-crianca","cat_desenvolupament-0-3-anys","cat_embarassades-ca","cat_post-part-i-crianca"],"ticketed":false,"_links":{"self":[{"href":"https:\/\/escoletakoala.es\/ca\/wp-json\/wp\/v2\/tribe_events\/9705","targetHints":{"allow":["GET"]}}],"collection":[{"href":"https:\/\/escoletakoala.es\/ca\/wp-json\/wp\/v2\/tribe_events"}],"about":[{"href":"https:\/\/escoletakoala.es\/ca\/wp-json\/wp\/v2\/types\/tribe_events"}],"author":[{"embeddable":true,"href":"https:\/\/escoletakoala.es\/ca\/wp-json\/wp\/v2\/users\/1"}],"version-history":[{"count":0,"href":"https:\/\/escoletakoala.es\/ca\/wp-json\/wp\/v2\/tribe_events\/9705\/revisions"}],"wp:featuredmedia":[{"embeddable":true,"href":"https:\/\/escoletakoala.es\/ca\/wp-json\/wp\/v2\/media\/8200"}],"wp:attachment":[{"href":"https:\/\/escoletakoala.es\/ca\/wp-json\/wp\/v2\/media?parent=9705"}],"wp:term":[{"taxonomy":"post_tag","embeddable":true,"href":"https:\/\/escoletakoala.es\/ca\/wp-json\/wp\/v2\/tags?post=9705"},{"taxonomy":"tribe_events_cat","embeddable":true,"href":"https:\/\/escoletakoala.es\/ca\/wp-json\/wp\/v2\/tribe_events_cat?post=9705"}],"curies":[{"name":"wp","href":"https:\/\/api.w.org\/{rel}","templated":true}]}}

<p class="p1">Amalia Arce, una de les pediatres i escriptores més conegudes del nostre país, farà una xerrada a les famílies sobre l&#8217;ús de les pantalles a casa amb els més petits i la seva opinió sobre les xarxes socials</p>
<p>Autora del llibre <strong>&#8220;Diari d&#8217;una mare pediatra&#8221;</strong> &#8211; <a href="https://www.amazon.es/Diario-una-mam%C3%A1-pediatra-profesionales-ebook/dp/B00JXTEYFQ/ref=sr_1_1?dchild=1&amp;qid=1613657811&amp;refinements=p_27%3ADra.+Amalia+Arce&amp;s=digital-text&amp;sr=1-1&amp;text=Dra.+Amalia+Arce" target="_blank" rel="noopener">Veure a Amazon.es</a></p>

<p>Amalia Arce, una de les pediatres i escriptores més conegudes del nostre país, farà una xerrada a les famílies sobre l&#8217;ús de les pantalles a casa amb els més petits [&hellip;]</p>
