{"id":9695,"date":"2023-09-30T08:05:44","date_gmt":"2023-09-30T08:05:44","guid":{"rendered":"https:\/\/escoletakoala.es\/maternidad\/bronquiolitis-fisioterapia-respiratoria-infantil\/"},"modified":"2023-09-30T08:05:44","modified_gmt":"2023-09-30T08:05:44","slug":"bronquiolitis-fisioterapia-respiratoria-infantil","status":"publish","type":"tribe_events","link":"https:\/\/escoletakoala.es\/ca\/maternidad\/bronquiolitis-fisioterapia-respiratoria-infantil\/","title":{"rendered":"Bronquiolitis i fisioter\u00e0pia respirat\u00f2ria"},"content":{"rendered":"<p>Fisioter\u00e0pia respirat\u00f2ria en nadons i nens &#8211; Part pr\u00e0ctica.<\/p>\n<p>Impartida per Susana Casasnovas. Fisioterapeuta Col. 670. Fundadora i directora de CENFI (Centre especialitzat amb 10 anys dexperi\u00e8ncia). Experta a:<\/p>\n<p>-S\u00f2l p\u00e8lvic i peripart<\/p>\n<p>-Fisioter\u00e0pia respirat\u00f2ria pedi\u00e0trica<\/p>\n<p>-Cura de 2 fills!<\/p>\n<p>Altres enlla\u00e7os d&#8217;inter\u00e8s:<\/p>\n<ul>\n<li>-Pots llegir totes les mesures de seguretat COVID-19 <a href=\"https:\/\/escoletakoala.es\/politica-privaci%E2%80%A6guridad-covid-19\/\">aqu\u00ed<\/a> .<\/li>\n<\/ul>\n","protected":false},"excerpt":{"rendered":"<p>Fisioter\u00e0pia respirat\u00f2ria en nadons i nens &#8211; Part pr\u00e0ctica. Impartida per Susana Casasnovas. Fisioterapeuta Col. 670. Fundadora i directora de CENFI (Centre especialitzat amb 10 anys dexperi\u00e8ncia). Experta a: -S\u00f2l [&hellip;]<\/p>\n","protected":false},"author":1,"featured_media":8180,"template":"","meta":{"_price":"","_stock":"","_tribe_ticket_header":"","_tribe_default_ticket_provider":"","_tribe_ticket_capacity":"0","_ticket_start_date":"","_ticket_end_date":"","_tribe_ticket_show_description":"","_tribe_ticket_show_not_going":false,"_tribe_ticket_use_global_stock":"","_tribe_ticket_global_stock_level":"","_global_stock_mode":"","_global_stock_cap":"","_tribe_rsvp_for_event":"","_tribe_ticket_going_count":"","_tribe_ticket_not_going_count":"","_tribe_tickets_list":"[]","_tribe_ticket_has_attendee_info_fields":false,"_tribe_events_status":"","_tribe_events_status_reason":"","footnotes":"","_tec_slr_enabled":"","_tec_slr_layout":""},"tags":[],"tribe_events_cat":[882,844],"class_list":["post-9695","tribe_events","type-tribe_events","status-publish","has-post-thumbnail","hentry","tribe_events_cat-_fisioterapia-ca","tribe_events_cat-post-part-i-crianca","cat__fisioterapia-ca","cat_post-part-i-crianca"],"ticketed":false,"_links":{"self":[{"href":"https:\/\/escoletakoala.es\/ca\/wp-json\/wp\/v2\/tribe_events\/9695","targetHints":{"allow":["GET"]}}],"collection":[{"href":"https:\/\/escoletakoala.es\/ca\/wp-json\/wp\/v2\/tribe_events"}],"about":[{"href":"https:\/\/escoletakoala.es\/ca\/wp-json\/wp\/v2\/types\/tribe_events"}],"author":[{"embeddable":true,"href":"https:\/\/escoletakoala.es\/ca\/wp-json\/wp\/v2\/users\/1"}],"version-history":[{"count":0,"href":"https:\/\/escoletakoala.es\/ca\/wp-json\/wp\/v2\/tribe_events\/9695\/revisions"}],"wp:featuredmedia":[{"embeddable":true,"href":"https:\/\/escoletakoala.es\/ca\/wp-json\/wp\/v2\/media\/8180"}],"wp:attachment":[{"href":"https:\/\/escoletakoala.es\/ca\/wp-json\/wp\/v2\/media?parent=9695"}],"wp:term":[{"taxonomy":"post_tag","embeddable":true,"href":"https:\/\/escoletakoala.es\/ca\/wp-json\/wp\/v2\/tags?post=9695"},{"taxonomy":"tribe_events_cat","embeddable":true,"href":"https:\/\/escoletakoala.es\/ca\/wp-json\/wp\/v2\/tribe_events_cat?post=9695"}],"curies":[{"name":"wp","href":"https:\/\/api.w.org\/{rel}","templated":true}]}}

Bronquiolitis i fisioteràpia respiratòria

<p>Fisioteràpia respiratòria en nadons i nens &#8211; Part pràctica.</p>
<p>Impartida per Susana Casasnovas. Fisioterapeuta Col. 670. Fundadora i directora de CENFI (Centre especialitzat amb 10 anys dexperiència). Experta a:</p>
<p>-Sòl pèlvic i peripart</p>
<p>-Fisioteràpia respiratòria pediàtrica</p>
<p>-Cura de 2 fills!</p>
<p>Altres enllaços d&#8217;interès:</p>
<ul>
<li>-Pots llegir totes les mesures de seguretat COVID-19 <a href="https://escoletakoala.es/politica-privaci%E2%80%A6guridad-covid-19/">aquí</a> .</li>
</ul>

<p>Fisioteràpia respiratòria en nadons i nens &#8211; Part pràctica. Impartida per Susana Casasnovas. Fisioterapeuta Col. 670. Fundadora i directora de CENFI (Centre especialitzat amb 10 anys dexperiència). Experta a: -Sòl [&hellip;]</p>
