{"id":9675,"date":"2023-09-30T08:05:30","date_gmt":"2023-09-30T08:05:30","guid":{"rendered":"https:\/\/escoletakoala.es\/maternidad\/nutricio-embaras-la-infancia\/"},"modified":"2023-09-30T08:05:30","modified_gmt":"2023-09-30T08:05:30","slug":"nutricio-embaras-la-infancia","status":"publish","type":"tribe_events","link":"https:\/\/escoletakoala.es\/ca\/maternidad\/nutricio-embaras-la-infancia\/","title":{"rendered":"Nutrici\u00f3 en l&#8217;embar\u00e0s i la inf\u00e0ncia"},"content":{"rendered":"<p>S\u00f3c dietista nutricionista Col IB83. Fa 10 anys que s\u00f3c en consulta privada, el meu objectiu \u00e9s el canvi d&#8217;h\u00e0bits dels meus pacients, allunyant-me de les dietes restrictives de durada determinada. Canvis d&#8217;h\u00e0bits que s&#8217;aconsegueixen tenint una alimentaci\u00f3 conscient on no pretenem treure&#8217;n aliments sin\u00f3 substituir-los. La nutrici\u00f3 ha de ser individualitzada.<\/p>\n<p>S\u00f3c especialista a:<\/p>\n<ul>\n<li>-Nutrici\u00f3 en embar\u00e0s i inf\u00e0ncia.<\/li>\n<li>-Nutrici\u00f3 vegetariana\/vegana en tots els per\u00edodes de la vida<\/li>\n<li>-Nutrici\u00f3 en malalties digestives com sibo, chron, intest\u00ed irritable\u2026 malalties inflamat\u00f2ries i autoimmunes.<\/li>\n<li>-Nutrici\u00f3 esportiva, llarga dist\u00e0ncia<\/li>\n<li>-Cuina saludable<\/li>\n<\/ul>\n<p>Des de fa m\u00e9s de 4 anys participo com a col\u00b7laboradora els dilluns i dimecres al programa 5 dies d&#8217;ib3, explicant temes d&#8217;actualitat nutricional<\/p>\n<p>Altres enlla\u00e7os d&#8217;inter\u00e8s:<\/p>\n<ul>\n<li>-Pots llegir totes les mesures de seguretat COVID-19 <a href=\"https:\/\/escoletakoala.es\/politica-de-privacidad-y-seguridad-covid-19\/\">aqu\u00ed<\/a> .<\/li>\n<\/ul>\n","protected":false},"excerpt":{"rendered":"<p>S\u00f3c dietista nutricionista Col IB83. Fa 10 anys que s\u00f3c en consulta privada, el meu objectiu \u00e9s el canvi d&#8217;h\u00e0bits dels meus pacients, allunyant-me de les dietes restrictives de durada [&hellip;]<\/p>\n","protected":false},"author":1,"featured_media":8136,"template":"","meta":{"_price":"","_stock":"","_tribe_ticket_header":"","_tribe_default_ticket_provider":"","_tribe_ticket_capacity":"0","_ticket_start_date":"","_ticket_end_date":"","_tribe_ticket_show_description":"","_tribe_ticket_show_not_going":false,"_tribe_ticket_use_global_stock":"","_tribe_ticket_global_stock_level":"","_global_stock_mode":"","_global_stock_cap":"","_tribe_rsvp_for_event":"","_tribe_ticket_going_count":"","_tribe_ticket_not_going_count":"","_tribe_tickets_list":"[]","_tribe_ticket_has_attendee_info_fields":false,"_tribe_events_status":"","_tribe_events_status_reason":"","footnotes":"","_tec_slr_enabled":"","_tec_slr_layout":""},"tags":[],"tribe_events_cat":[869,844],"class_list":["post-9675","tribe_events","type-tribe_events","status-publish","has-post-thumbnail","hentry","tribe_events_cat-embarassades-ca","tribe_events_cat-post-part-i-crianca","cat_embarassades-ca","cat_post-part-i-crianca"],"ticketed":false,"_links":{"self":[{"href":"https:\/\/escoletakoala.es\/ca\/wp-json\/wp\/v2\/tribe_events\/9675","targetHints":{"allow":["GET"]}}],"collection":[{"href":"https:\/\/escoletakoala.es\/ca\/wp-json\/wp\/v2\/tribe_events"}],"about":[{"href":"https:\/\/escoletakoala.es\/ca\/wp-json\/wp\/v2\/types\/tribe_events"}],"author":[{"embeddable":true,"href":"https:\/\/escoletakoala.es\/ca\/wp-json\/wp\/v2\/users\/1"}],"version-history":[{"count":0,"href":"https:\/\/escoletakoala.es\/ca\/wp-json\/wp\/v2\/tribe_events\/9675\/revisions"}],"wp:featuredmedia":[{"embeddable":true,"href":"https:\/\/escoletakoala.es\/ca\/wp-json\/wp\/v2\/media\/8136"}],"wp:attachment":[{"href":"https:\/\/escoletakoala.es\/ca\/wp-json\/wp\/v2\/media?parent=9675"}],"wp:term":[{"taxonomy":"post_tag","embeddable":true,"href":"https:\/\/escoletakoala.es\/ca\/wp-json\/wp\/v2\/tags?post=9675"},{"taxonomy":"tribe_events_cat","embeddable":true,"href":"https:\/\/escoletakoala.es\/ca\/wp-json\/wp\/v2\/tribe_events_cat?post=9675"}],"curies":[{"name":"wp","href":"https:\/\/api.w.org\/{rel}","templated":true}]}}

Nutrició en l&#8217;embaràs i la infància

<p>Sóc dietista nutricionista Col IB83. Fa 10 anys que sóc en consulta privada, el meu objectiu és el canvi d&#8217;hàbits dels meus pacients, allunyant-me de les dietes restrictives de durada determinada. Canvis d&#8217;hàbits que s&#8217;aconsegueixen tenint una alimentació conscient on no pretenem treure&#8217;n aliments sinó substituir-los. La nutrició ha de ser individualitzada.</p>
<p>Sóc especialista a:</p>
<ul>
<li>-Nutrició en embaràs i infància.</li>
<li>-Nutrició vegetariana/vegana en tots els períodes de la vida</li>
<li>-Nutrició en malalties digestives com sibo, chron, intestí irritable… malalties inflamatòries i autoimmunes.</li>
<li>-Nutrició esportiva, llarga distància</li>
<li>-Cuina saludable</li>
</ul>
<p>Des de fa més de 4 anys participo com a col·laboradora els dilluns i dimecres al programa 5 dies d&#8217;ib3, explicant temes d&#8217;actualitat nutricional</p>
<p>Altres enllaços d&#8217;interès:</p>
<ul>
<li>-Pots llegir totes les mesures de seguretat COVID-19 <a href="https://escoletakoala.es/politica-de-privacidad-y-seguridad-covid-19/">aquí</a> .</li>
</ul>

<p>Sóc dietista nutricionista Col IB83. Fa 10 anys que sóc en consulta privada, el meu objectiu és el canvi d&#8217;hàbits dels meus pacients, allunyant-me de les dietes restrictives de durada [&hellip;]</p>
