{"id":10558,"date":"2023-10-05T07:16:04","date_gmt":"2023-10-05T07:16:04","guid":{"rendered":"https:\/\/escoletakoala.es\/maternidad\/autoestima-infantil\/"},"modified":"2023-10-05T07:16:04","modified_gmt":"2023-10-05T07:16:04","slug":"autoestima-infantil","status":"publish","type":"tribe_events","link":"https:\/\/escoletakoala.es\/ca\/maternidad\/autoestima-infantil\/","title":{"rendered":"Desenvolupament de l&#8217;autoestima en els nostres fills\/es"},"content":{"rendered":"<p>Es fa una explicaci\u00f3 sobre aspectes fonamentals del tema a tractar. Darrere de cada idea hi ha un exercici de reflexi\u00f3 i un punt de trobada per aprofundir i aclarir dubtes sobre les idees exposades. Al final hi haur\u00e0 un espai\/temps de reflexi\u00f3 com\u00fa.<\/p>\n<p>S&#8217;intenten posar exemples de situacions reals, semblants a les viv\u00e8ncies dels oients, per afavorir la reflexi\u00f3 i l&#8217;adquisici\u00f3 d&#8217;idees i\/o coneixements<\/p>\n<p>S\u00f3c la coordinadora de l&#8217;equip d&#8217;atenci\u00f3 psicopedag\u00f2gica. El nostre camp de treball se centra:<\/p>\n<ul>\n<li>-Atenci\u00f3 Psicopedag\u00f2gica a centres d&#8217;Educaci\u00f3 Infantil 0-3.<\/li>\n<li>-Orientaci\u00f3 escolar.<\/li>\n<li>-Valoraci\u00f3 i Intervenci\u00f3 psicopedag\u00f2gica: aspectes relacionats amb conductes, dificultats daprenentatge i desenvolupament emocional en etapes infantils i adolesc\u00e8ncia.<\/li>\n<\/ul>\n<p>Sobre Isabel: Llicenciada en Psicologia. Universitat de Val\u00e8ncia. M\u00e0ster en Orientaci\u00f3 educativa i tutoria. Extensa formaci\u00f3 en aspectes relacionats amb la psicologia, orientaci\u00f3, atenci\u00f3 primerenca i intel\u00b7lig\u00e8ncia emocional. Experi\u00e8ncia de m\u00e9s de vint anys en el camp de l&#8217;orientaci\u00f3 i l&#8217;assessorament familiar en etapes d&#8217;Educaci\u00f3 Infantil, Prim\u00e0ria i Secund\u00e0ria. Realitzaci\u00f3 de \u201cEscoles de Pares\u201d des de fa m\u00e9s de vint anys.<\/p>\n<p>Altres enlla\u00e7os d&#8217;inter\u00e8s:<\/p>\n<ul>\n<li>-Pots llegir totes les mesures de seguretat COVID-19 <a href=\"https:\/\/escoletakoala.es\/politica-privaci%E2%80%A6guridad-covid-19\/\">aqu\u00ed<\/a> .<\/li>\n<\/ul>\n","protected":false},"excerpt":{"rendered":"<p>Es fa una explicaci\u00f3 sobre aspectes fonamentals del tema a tractar. Darrere de cada idea hi ha un exercici de reflexi\u00f3 i un punt de trobada per aprofundir i aclarir [&hellip;]<\/p>\n","protected":false},"author":1,"featured_media":7886,"template":"","meta":{"_price":"","_stock":"","_tribe_ticket_header":"","_tribe_default_ticket_provider":"","_tribe_ticket_capacity":"0","_ticket_start_date":"","_ticket_end_date":"","_tribe_ticket_show_description":"","_tribe_ticket_show_not_going":false,"_tribe_ticket_use_global_stock":"","_tribe_ticket_global_stock_level":"","_global_stock_mode":"","_global_stock_cap":"","_tribe_rsvp_for_event":"","_tribe_ticket_going_count":"","_tribe_ticket_not_going_count":"","_tribe_tickets_list":"[]","_tribe_ticket_has_attendee_info_fields":false,"_tribe_events_status":"","_tribe_events_status_reason":"","footnotes":"","_tec_slr_enabled":"","_tec_slr_layout":""},"tags":[],"tribe_events_cat":[843,898],"class_list":["post-10558","tribe_events","type-tribe_events","status-publish","has-post-thumbnail","hentry","tribe_events_cat-desenvolupament-0-3-anys","tribe_events_cat-psicopedagogia-ca","cat_desenvolupament-0-3-anys","cat_psicopedagogia-ca"],"ticketed":false,"_links":{"self":[{"href":"https:\/\/escoletakoala.es\/ca\/wp-json\/wp\/v2\/tribe_events\/10558","targetHints":{"allow":["GET"]}}],"collection":[{"href":"https:\/\/escoletakoala.es\/ca\/wp-json\/wp\/v2\/tribe_events"}],"about":[{"href":"https:\/\/escoletakoala.es\/ca\/wp-json\/wp\/v2\/types\/tribe_events"}],"author":[{"embeddable":true,"href":"https:\/\/escoletakoala.es\/ca\/wp-json\/wp\/v2\/users\/1"}],"version-history":[{"count":0,"href":"https:\/\/escoletakoala.es\/ca\/wp-json\/wp\/v2\/tribe_events\/10558\/revisions"}],"wp:featuredmedia":[{"embeddable":true,"href":"https:\/\/escoletakoala.es\/ca\/wp-json\/wp\/v2\/media\/7886"}],"wp:attachment":[{"href":"https:\/\/escoletakoala.es\/ca\/wp-json\/wp\/v2\/media?parent=10558"}],"wp:term":[{"taxonomy":"post_tag","embeddable":true,"href":"https:\/\/escoletakoala.es\/ca\/wp-json\/wp\/v2\/tags?post=10558"},{"taxonomy":"tribe_events_cat","embeddable":true,"href":"https:\/\/escoletakoala.es\/ca\/wp-json\/wp\/v2\/tribe_events_cat?post=10558"}],"curies":[{"name":"wp","href":"https:\/\/api.w.org\/{rel}","templated":true}]}}

<p>Es fa una explicació sobre aspectes fonamentals del tema a tractar. Darrere de cada idea hi ha un exercici de reflexió i un punt de trobada per aprofundir i aclarir dubtes sobre les idees exposades. Al final hi haurà un espai/temps de reflexió comú.</p>
<p>S&#8217;intenten posar exemples de situacions reals, semblants a les vivències dels oients, per afavorir la reflexió i l&#8217;adquisició d&#8217;idees i/o coneixements</p>
<p>Sóc la coordinadora de l&#8217;equip d&#8217;atenció psicopedagògica. El nostre camp de treball se centra:</p>
<ul>
<li>-Atenció Psicopedagògica a centres d&#8217;Educació Infantil 0-3.</li>
<li>-Orientació escolar.</li>
<li>-Valoració i Intervenció psicopedagògica: aspectes relacionats amb conductes, dificultats daprenentatge i desenvolupament emocional en etapes infantils i adolescència.</li>
</ul>
<p>Sobre Isabel: Llicenciada en Psicologia. Universitat de València. Màster en Orientació educativa i tutoria. Extensa formació en aspectes relacionats amb la psicologia, orientació, atenció primerenca i intel·ligència emocional. Experiència de més de vint anys en el camp de l&#8217;orientació i l&#8217;assessorament familiar en etapes d&#8217;Educació Infantil, Primària i Secundària. Realització de “Escoles de Pares” des de fa més de vint anys.</p>
<p>Altres enllaços d&#8217;interès:</p>
<ul>
<li>-Pots llegir totes les mesures de seguretat COVID-19 <a href="https://escoletakoala.es/politica-privaci%E2%80%A6guridad-covid-19/">aquí</a> .</li>
</ul>

<p>Es fa una explicació sobre aspectes fonamentals del tema a tractar. Darrere de cada idea hi ha un exercici de reflexió i un punt de trobada per aprofundir i aclarir [&hellip;]</p>
