{"id":10555,"date":"2023-10-05T07:16:02","date_gmt":"2023-10-05T07:16:02","guid":{"rendered":"https:\/\/escoletakoala.es\/maternidad\/la-parella-quan-som-una-familia-com-mantenir-la-relacion-de-parella\/"},"modified":"2023-10-05T07:16:02","modified_gmt":"2023-10-05T07:16:02","slug":"la-parella-quan-som-una-familia-com-mantenir-la-relacion-de-parella","status":"publish","type":"tribe_events","link":"https:\/\/escoletakoala.es\/ca\/maternidad\/la-parella-quan-som-una-familia-com-mantenir-la-relacion-de-parella\/","title":{"rendered":"La parella quan som una fam\u00edlia: com mantenir la relaci\u00f3 de parella"},"content":{"rendered":"<p>Andrea Segu\u00ed Sotelo, psic\u00f2loga general sanit\u00e0ria (B-02953) exerceix al centre de Susana Ivorra. Sota l&#8217;orientaci\u00f3 de la ter\u00e0pia cognitiu-conductual tracta temes diversos a nivell de parella i individual. \u00c9s a m\u00e9s facilitadora de tallers i cursos de Mindfulness, autoestima i gesti\u00f3 emocional, entre d&#8217;altres.<br \/>\nHa col\u00b7laborat a diferents projectes de recerca amb la Universitat de les Illes Balears, on \u00e9s doctoranda.<\/p>\n<p>Susana Ivorra, Psic\u00f2loga i terapeuta de parella, m\u00e0ster \u00e9s sexologia per la Universitat de Val\u00e8ncia. Doctoranda. Porto 13 anys en un centre de psicologia (ubicat al centre de Palma) per\u00f2 faig ter\u00e0pia i assessorament en l\u00ednia atenent parelles de tot el m\u00f3n.<\/p>\n","protected":false},"excerpt":{"rendered":"<p>Andrea Segu\u00ed Sotelo, psic\u00f2loga general sanit\u00e0ria (B-02953) exerceix al centre de Susana Ivorra. Sota l&#8217;orientaci\u00f3 de la ter\u00e0pia cognitiu-conductual tracta temes diversos a nivell de parella i individual. \u00c9s a [&hellip;]<\/p>\n","protected":false},"author":1,"featured_media":8262,"template":"","meta":{"_price":"","_stock":"","_tribe_ticket_header":"","_tribe_default_ticket_provider":"","_tribe_ticket_capacity":"0","_ticket_start_date":"","_ticket_end_date":"","_tribe_ticket_show_description":"","_tribe_ticket_show_not_going":false,"_tribe_ticket_use_global_stock":"","_tribe_ticket_global_stock_level":"","_global_stock_mode":"","_global_stock_cap":"","_tribe_rsvp_for_event":"","_tribe_ticket_going_count":"","_tribe_ticket_not_going_count":"","_tribe_tickets_list":"[]","_tribe_ticket_has_attendee_info_fields":false,"_tribe_events_status":"","_tribe_events_status_reason":"","footnotes":"","_tec_slr_enabled":"","_tec_slr_layout":""},"tags":[],"tribe_events_cat":[879,844,877],"class_list":["post-10555","tribe_events","type-tribe_events","status-publish","has-post-thumbnail","hentry","tribe_events_cat-_per-parelles","tribe_events_cat-post-part-i-crianca","tribe_events_cat-psicologa-ca","cat__per-parelles","cat_post-part-i-crianca","cat_psicologa-ca"],"ticketed":false,"_links":{"self":[{"href":"https:\/\/escoletakoala.es\/ca\/wp-json\/wp\/v2\/tribe_events\/10555","targetHints":{"allow":["GET"]}}],"collection":[{"href":"https:\/\/escoletakoala.es\/ca\/wp-json\/wp\/v2\/tribe_events"}],"about":[{"href":"https:\/\/escoletakoala.es\/ca\/wp-json\/wp\/v2\/types\/tribe_events"}],"author":[{"embeddable":true,"href":"https:\/\/escoletakoala.es\/ca\/wp-json\/wp\/v2\/users\/1"}],"version-history":[{"count":0,"href":"https:\/\/escoletakoala.es\/ca\/wp-json\/wp\/v2\/tribe_events\/10555\/revisions"}],"wp:featuredmedia":[{"embeddable":true,"href":"https:\/\/escoletakoala.es\/ca\/wp-json\/wp\/v2\/media\/8262"}],"wp:attachment":[{"href":"https:\/\/escoletakoala.es\/ca\/wp-json\/wp\/v2\/media?parent=10555"}],"wp:term":[{"taxonomy":"post_tag","embeddable":true,"href":"https:\/\/escoletakoala.es\/ca\/wp-json\/wp\/v2\/tags?post=10555"},{"taxonomy":"tribe_events_cat","embeddable":true,"href":"https:\/\/escoletakoala.es\/ca\/wp-json\/wp\/v2\/tribe_events_cat?post=10555"}],"curies":[{"name":"wp","href":"https:\/\/api.w.org\/{rel}","templated":true}]}}

La parella quan som una família: com mantenir la relació de parella

<p>Andrea Seguí Sotelo, psicòloga general sanitària (B-02953) exerceix al centre de Susana Ivorra. Sota l&#8217;orientació de la teràpia cognitiu-conductual tracta temes diversos a nivell de parella i individual. És a més facilitadora de tallers i cursos de Mindfulness, autoestima i gestió emocional, entre d&#8217;altres.<br />
Ha col·laborat a diferents projectes de recerca amb la Universitat de les Illes Balears, on és doctoranda.</p>
<p>Susana Ivorra, Psicòloga i terapeuta de parella, màster és sexologia per la Universitat de València. Doctoranda. Porto 13 anys en un centre de psicologia (ubicat al centre de Palma) però faig teràpia i assessorament en línia atenent parelles de tot el món.</p>

<p>Andrea Seguí Sotelo, psicòloga general sanitària (B-02953) exerceix al centre de Susana Ivorra. Sota l&#8217;orientació de la teràpia cognitiu-conductual tracta temes diversos a nivell de parella i individual. És a [&hellip;]</p>
